3 (base 12) to base 3
112011010220
Convert 17654372 (base 8) to base 13.
b24849
48335 (base 16) to base 15
5c958
-215145550 (base 6) to base 16
-3b4e6a
-140102421 (base 5) to base 13
-1b9819
Convert -2b888a (base 13) to base 3.
-2000122201102
What is 90db88 (base 14) in base 9?
10154764
71410 (base 9) to base 8
133615
-1331122102 (base 4) to base 2
-1111101011010010010
What is 421545 (base 7) in base 11?
4a647
4873111 (base 9) to base 2
1010000110000101011001
-103323113 (base 5) to base 16
-6d815
What is -4134120434 (base 5) in base 16?
-81c4ae
-49862 (base 10) to base 2
-1100001011000110
What is -104056130 (base 7) in base 13?
-13aa761
Convert -4db (base 15) to base 4.
-101102
What is -10230113 (base 6) in base 13?
-a6395
What is -2032150 (base 6) in base 2?
-10111110110100010
What is -271b84 (base 13) in base 15?
-13a76c
-5670465 (base 8) to base 15
-205309
Convert 5576 (base 15) to base 6.
215503
What is -905ab (base 16) in base 3?
-1010001002002
21010122201 (base 3) to base 5
13443241
2403340 (base 5) to base 4
22302330
Convert -1402166 (base 7) to base 10.
-185660
1042477 (base 8) to base 7
2243644
Convert 131443202 (base 5) to base 9.
1208836
Convert -221022121 (base 3) to base 16.
-4819
-30122341 (base 5) to base 16
-3a5f8
What is -10110011100001000010 (base 2) in base 7?
-6151504
-23114450 (base 6) to base 8
-2552476
-101204112 (base 6) to base 10
-1742732
What is 11012102112012 (base 3) in base 15?
2e178b
What is -1b4169 (base 12) in base 7?
-4054161
Convert -7d344 (base 15) to base 9.
-667271
Convert -520343 (base 7) to base 2.
-10101101110110111
-192120 (base 12) to base 16
-6b328
Convert -13011232313 (base 4) to base 3.
-10111102100212
-201101222121 (base 3) to base 7
-3150442
What is -6453b3 (base 13) in base 3?
-11102120120212
What is 29714 (base 10) in base 5?
1422324
Convert 11344143230 (base 5) to base 12.
4540462
Convert 111121000120 (base 3) to base 6.
5422410
-18ba76 (base 13) to base 12
-262147
-220423 (base 5) to base 6
-55125
What is 190d694 (base 14) in base 15?
11511da
What is 3531156 (base 9) in base 8?
7222540
-11030020 (base 4) to base 2
-101001100001000
-1755400 (base 8) to base 7
-4242631
1011020110012 (base 3) to base 14
12011a
-3a74e (base 16) to base 3
-110011110002
-10102120010 (base 3) to base 11
-46772
What is 32231332 (base 4) in base 2?
1110101101111110
Convert 4525032 (base 9) to base 15.
3324a5
5122444 (base 7) to base 9
1130731
Convert -15950a3 (base 11) to base 2.
-1010010110111011011001
Convert 1320113 (base 4) to base 15.
2438
What is -1c457 (base 16) in base 2?
-11100010001010111
Convert af5a0 (base 16) to base 8.
2572640
What is -301003344 (base 5) in base 10?
-1187974
108484 (base 9) to base 7
361216
-25145333 (base 7) to base 16
-228a4c
Convert 1030333133 (base 4) to base 12.
1325bb
592154 (base 10) to base 15
ba6be
Convert 70884 (base 12) to base 15.
2d5a4
41805 (base 11) to base 9
102441
Convert 1000001101011110101 (base 2) to base 14.
70097
b4613 (base 12) to base 4
321211233
Convert 52450405 (base 7) to base 15.
5c84b7
What is -2142667 (base 9) in base 6?
-40352524
2212033233 (base 4) to base 7
5534154
What is 2dd4a9 (base 14) in base 6?
54313221
1b6959 (base 12) to base 2
1110111010011010101
-6309a (base 11) to base 3
-11200010111
Convert 1614792 (base 10) to base 5.
403133132
1ebaa8 (base 16) to base 8
7535250
-16011c (base 13) to base 7
-4420443
What is -130432 (base 5) in base 14?
-1c17
What is 1dedd (base 16) in base 14?
32965
Convert 101011001101110010011101 (base 2) to base 16.
acdc9d
-e6a7 (base 15) to base 5
-3030012
-109738b (base 13) to base 14
-96a799
-10260530 (base 7) to base 16
-d4d95
584625 (base 9) to base 5
42214113
877 (base 13) to base 7
4141
-340133411 (base 5) to base 2
-101101011101111000000
What is 30130060 (base 7) in base 12?
a03821
356326 (base 14) to base 2
110111100111110101110
What is 1344033203 (base 5) in base 3?
20120221020221
Convert 2c6b4 (base 13) to base 7.
501533
2b019 (base 16) to base 4
223000121
413220 (base 11) to base 14
133926
Convert 214546 (base 8) to base 13.
26a35
What is -3120220313 (base 4) in base 5?
-211343401
What is -831540 (base 9) in base 5?
-111240440
What is -67224217 (base 8) in base 10?
-14493839
-32c118 (base 14) to base 16
-1a4c3a
Convert 21be99 (base 16) to base 15.
2da3c1
-3ac036 (base 13) to base 7
-15056065
Convert 2827424 (base 10) to base 4.
22302102200
Convert 1635174 (base 8) to base 9.
801740
Convert -50a23 (base 14) to base 7.
-1435543
2202132200 (base 4) to base 10
665504
What is 39615a (base 12) in base 9?
1687457
Convert 35124431 (base 6) to base 2.
100001000110001000011
-32a274 (base 11) to base 12
-214530
Convert 252511 (base 12) to base 10.
605533
25d7b7 (base 14) to base 12
52b205
Convert 1000001001001001110 (base 2) to base 8.
1011116
141098 (base 12) to base 8
1213464
Convert 2023302210 (base 4) to base 8.
2136244
Convert 11025cb (base 13) to base 2.
10011110110011000110100
Convert -280187 (base 15) to base 8.
-7256006
Convert 78ccbc (base 13) to base 7.
33163532
What is 2531b (base 13) in base 4?
100300132
What is -22110000021 (base 3) in base 16?
-2894b
What is -20565252 (base 7) in base 15?
-247b1c
Convert 3103001200 (base 4) to base 9.
1556601
21114122 (base 7) to base 14
346912
Convert 720717 (base 8) to base 15.
4a7db
574643 (base 8) to base 6
4102403
100220212221 (base 3) to base 2
101111101011011001
Convert 2231055 (base 9) to base 12.
49b342
623056 (base 8) to base 9
344083
Convert -23b096 (base 14) to base 8.
-4521134
-6503 (base 9) to base 16
-12ae
-87444 (base 11) to base 3
-20110011212
202022110002101 (base 3) to base 16
a4b858
-344314 (base 15) to base 14
-48d295
2c6e6e (base 16) to base 3
12110221022110
Convert 121231 (base 6) to base 5.
320200
What is 4623544 (base 8) in base 13?
34c481
121022010001 (base 3) to base 13
b3062
What is -199333 (base 10) in base 16?
-30aa5
What is 37b4a9 (base 12) in base 16?
de801
What is -74978 (base 14) in base 7?
-2252311
What is 1bc89 (base 16) in base 4?
123302021
Convert 4015343 (base 7) to base 16.
73f0a
Convert -16308 (base 10) to base 6.
-203300
5632570 (base 8) to base 2
101110011010101111000
Convert -10121122110 (base 4) to base 12.
-477070
What is -4c4ca6 (base 13) in base 9?
-3412383
What is 196307 (base 10) in base 8?
577323
-211111101 (base 4) to base 9
-252673
b9ab (base 15) to base 7
222416
982407 (base 10) to base 6
33020103
Convert -31a585 (base 11) to base 13.
-14bc55
Convert 113423404 (base 5) to base 16.
815be
What is -1011000101 (base 3) in base 4?
-11201101
Convert -499d30 (base 14) to base 5.
-1121234301
1035653 (base 7) to base 2
11110111110110011
What is -121021412 (base 5) in base 15?
-b218c
What is 15010113 (base 6) in base 8?
1754775
27724541 (base 9) to base 14
1b706b6
e9d5 (base 15) to base 4
30011003
Convert -1912 (base 16) to base 4.
-1210102
Convert -109486 (base 16) to base 6.
-35142314
-980873 (base 12) to base 6
-123325423
10010110000000010001000 (base 2) to base 8
22600210
What is 9ea173 (base 15) in base 10?
7577208
-2030320201 (base 4) to base 8
-2147041
Convert 1164b3c (base 13) to base 16.
521846
-102320200 (base 4) to base 12
-38914
What is 47072 (base 9) in base 14?
b63a
-52074 (base 11) to base 3
-10212011220
Convert 2220122022 (base 3) to base 14.
16c6d
-3295a (base 14) to base 13
-43a43
10011203120 (base 4) to base 7
12051245
What is 7ec0e (base 16) in base 15?
a3c72
-265024 (base 13) to base 7
-10601461
Convert 2120221120001 (base 3) to base 2.
101010000000111110110
3337542 (base 10) to base 4
30232311012
Convert -c54d2 (base 15) to base 4.
-2120231000
What is 232798 (base 10) in base 3?
102211100011
What is 675b8 (base 12) in base 2?
100001100010011100
What is -134060 (base 10) in base 16?
-20bac
1001100331 (base 4) to base 13
948a6
What is -59bbd2 (base 14) in base 2?
-1011101100110111111100
-1020101023 (base 4) to base 14
-79c39
What is 4026467 (base 8) in base 12?
43161b
Convert 862691 (base 10) to base 8.
3224743
3122021321 (base 5) to base 16
624031
1824233 (base 9) to base 10
1020063
-2789016 (base 11) to base 3
-100000211211002
What is 1876b (base 15) in base 7?
450125
-11011010 (base 7) to base 2
-11100110011101000111
Convert -200220102102120 (base 3) to base 14.
-1497469
15d5a8 (base 15) to base 11
6626a